 13) to base 2
110011001101
What is 10000100 (base 2) in base 11?
110
Convert -1303c (base 14) to base 9.
-71051
Convert 938 (base 14) to base 12.
1072
Convert 31311 (base 4) to base 15.
3e0
Convert -1615 (base 8) to base 3.
-1020200
34234 (base 9) to base 14
8440
-11 (base 4) to base 3
-12
Convert -cc9 (base 15) to base 9.
-3860
Convert 110001100010 (base 2) to base 3.
11100102
What is -1456 (base 7) in base 6?
-2404
-13372 (base 8) to base 11
-4468
Convert -3107 (base 14) to base 7.
-33410
What is -376e (base 15) in base 5?
-334204
What is -2875 (base 9) in base 8?
-4176
Convert 553 (base 7) to base 10.
283
What is 1393 (base 12) in base 7?
6423
4211 (base 9) to base 2
110000010000
What is 194 (base 10) in base 9?
235
What is -123232 (base 4) in base 11?
-1373
-542 (base 15) to base 13
-704
Convert 1336 (base 7) to base 11.
430
Convert 726 (base 8) to base 4.
13112
Convert -508 (base 9) to base 13.
-25a
-29491 (base 10) to base 16
-7333
Convert 11011101110 (base 2) to base 3.
2102201
What is -11221001 (base 4) in base 6?
-254545
Convert 66243 (base 8) to base 9.
42131
Convert 12021 (base 3) to base 12.
ba
Convert -1670 (base 8) to base 12.
-674
What is 1001100100101 (base 2) in base 14?
1b01
1015 (base 7) to base 9
434
Convert -adab (base 15) to base 10.
-36836
Convert -1707 (base 11) to base 15.
-9aa
-b827 (base 15) to base 2
-1001100000110010
What is 21d6 (base 16) in base 8?
20726
1362a (base 14) to base 16
baf6
Convert 4334311 (base 5) to base 13.
27aaa
Convert -121020 (base 4) to base 9.
-2176
9a4 (base 13) to base 5
23110
What is 4013 (base 9) in base 14?
10d2
What is 20111 (base 4) in base 9?
652
Convert 4462 (base 7) to base 3.
2012201
What is -1212 (base 5) in base 13?
-110
Convert -af (base 16) to base 10.
-175
What is -5b7d (base 16) in base 10?
-23421
-306 (base 8) to base 4
-3012
Convert 1483 (base 11) to base 2.
11101110010
-15a0b (base 14) to base 5
-3212412
-11100111000001 (base 2) to base 5
-433120
What is 3140 (base 5) in base 2?
110100100
-304 (base 12) to base 5
-3221
-44311 (base 6) to base 12
-3697
1a7a6 (base 13) to base 9
78111
1011011111011110 (base 2) to base 11
32401
Convert 2032233 (base 4) to base 5.
243020
Convert 30172 (base 12) to base 6.
1201022
Convert -fc (base 16) to base 11.
-20a
2b5b (base 12) to base 4
1033313
-1341440 (base 5) to base 8
-66141
-1202112021 (base 3) to base 4
-20131120
Convert -3482 (base 9) to base 13.
-123b
-108 (base 14) to base 10
-204
What is -13140 (base 8) in base 11?
-4338
What is -112 (base 9) in base 10?
-92
Convert -102222 (base 3) to base 8.
-503
What is -20893 (base 11) in base 10?
-30352
-33288 (base 10) to base 16
-8208
What is -21330 (base 4) in base 8?
-1174
Convert -14c74 (base 14) to base 15.
-10566
-443 (base 7) to base 5
-1402
213344 (base 5) to base 8
16265
Convert -90 (base 12) to base 9.
-130
What is 210441 (base 5) in base 14?
279a
Convert 132123 (base 4) to base 12.
1163
10452 (base 7) to base 2
101001001010
-35df (base 16) to base 4
-3113133
820 (base 16) to base 13
c40
What is 33058 (base 11) in base 4?
23231223
What is 1011101 (base 3) in base 14?
447
What is 201012 (base 6) in base 10?
15776
What is -11110101110 (base 2) in base 16?
-7ae
Convert -21403 (base 5) to base 9.
-2022
Convert -194 (base 13) to base 11.
-244
53b (base 12) to base 4
23333
Convert 4b (base 12) to base 3.
2012
Convert 7b6 (base 15) to base 9.
2350
Convert -26514 (base 7) to base 11.
-538a
156 (base 14) to base 9
332
Convert 2506 (base 16) to base 10.
9478
What is -6c8 (base 13) in base 14?
-602
What is -3227 (base 8) in base 15?
-777
What is -554 (base 9) in base 3?
-121211
Convert 1000001100 (base 2) to base 3.
201102
-34700 (base 8) to base 9
-22246
Convert -56607 (base 9) to base 10.
-37672
Convert 335004 (base 6) to base 3.
1102211011
Convert -1170 (base 9) to base 15.
-3d3
541 (base 9) to base 15
1e7
What is 1141012 (base 5) in base 16?
5386
What is 1020012 (base 4) in base 8?
11006
1980 (base 12) to base 3
11021120
What is 3002 (base 5) in base 4?
11321
What is 24762 (base 9) in base 13?
7778
What is 39c (base 13) in base 2?
1001111100
-13352 (base 8) to base 14
-21d0
What is 2055 (base 6) in base 2?
111010011
-1211122 (base 3) to base 5
-20330
102023301 (base 4) to base 2
10010001011110001
What is dead (base 15) in base 8?
134124
Convert -1298 (base 10) to base 6.
-10002
What is -230 (base 11) in base 15?
-135
Convert 2231 (base 6) to base 12.
377
-1000000111 (base 2) to base 10
-519
What is -10001101110 (base 2) in base 14?
-5b0
What is 6043 (base 8) in base 6?
22215
Convert -571 (base 15) to base 9.
-1617
Convert 11a1 (base 11) to base 7.
4362
Convert 36121 (base 12) to base 15.
1684a
Convert -10010001 (base 2) to base 7.
-265
Convert 133 (base 13) to base 5.
1321
Convert 3502 (base 6) to base 7.
2264
What is -201327 (base 8) in base 4?
-100023113
What is 330114 (base 7) in base 9?
87113
Convert -320010 (base 5) to base 2.
-10100110000110
Convert -6 (base 10) to base 4.
-12
What is 1611c (base 16) in base 2?
10110000100011100
2516 (base 7) to base 6
4212
-1c8d (base 14) to base 10
-5221
1086 (base 9) to base 8
1447
1100101001010 (base 2) to base 3
22212210
-150401 (base 7) to base 12
-14955
18401 (base 12) to base 6
430401
-376 (base 13) to base 14
-312
Convert -34431 (base 6) to base 3.
-20202001
Convert a38 (base 12) to base 7.
4220
Convert 101101 (base 2) to base 9.
50
Convert -3122 (base 8) to base 11.
-1241
-135734 (base 8) to base 10
-48092
What is 548 (base 10) in base 2?
1000100100
What is 30217 (base 8) in base 14?
475d
What is 21002 (base 3) in base 12?
13b
-251 (base 9) to base 3
-21201
What is 11101101001 (base 2) in base 3?
2121021
Convert 1024 (base 7) to base 9.
441
What is -144344 (base 5) in base 8?
-14120
What is 45ab (base 13) in base 7?
40332
651 (base 8) to base 14
225
What is -1e3 (base 16) in base 6?
-2123
6431 (base 8) to base 13
16ac
-254b (base 13) to base 8
-12266
6d (base 14) to base 12
81
Convert -20a (base 15) to base 16.
-1cc
-5462 (base 8) to base 10
-2866
Convert 8a (base 14) to base 10.
122
What is -15d6 (base 14) in base 12?
-2320
-2516 (base 13) to base 2
-1010010001010
What is -704 (base 12) in base 5?
-13022
What is -9900 (base 12) in base 7?
-100056
What is -91a (base 11) in base 8?
-2126
Convert -171 (base 15) to base 8.
-513
3546 (base 12) to base 8
13506
-10001001111 (base 2) to base 7
-3134
What is -313111 (base 4) in base 6?
-24221
What is 200 (base 7) in base 10?
98
What is -132014 (base 5) in base 12?
-3063
What is -1330 (base 6) in base 9?
-420
Convert 6598 (base 10) to base 2.
1100111000110
Convert -941 (base 14) to base 2.
-11100011101
-2160 (base 10) to base 12
-1300
35a (base 15) to base 2
1011111000
Convert 26b2 (base 15) to base 10.
8267
What is 10e2 (base 15) in base 8?
7003
-1044420 (base 5) to base 12
-aa13
Convert -1001000000100 (base 2) to base 9.
-6284
-152 (base 14) to base 10
-268
-403 (base 7) to base 8
-307
24142 (base 5) to base 4
130011
What is 11670 (base 10) in base 5?
333140
Convert -2bab (base 14) to base 9.
-11621
Convert 4bc (base 15) to base 3.
1110220
What is -5956 (base 11) in base 6?
-100045
1340 (base 6) to base 14
1ac
Convert -20452 (base 6) to base 7.
-11033
16599 (base 10) to base 6
204503
What is -411 (base 10) in base 3?
-120020
333102 (base 5) to base 10
11652
-8e9 (base 16) to base 11
-1794
Convert -323110 (base 6) to base 12.
-13496
Convert -123222 (base 5) to base 2.
-1001011001100
Convert 133221 (base 5) to base 9.
7410
What is -308 (base 12) in base 13?
-27b
What is -1111110000011 (base 2) in base 14?
-2d23
What is 13216 (base 7) in base 4?
313111
-2571 (base 8) to base 15
-636
-67 (base 11) to base 8
-111
776 (base 11) to base 15
420
What is -41030 (base 5) in base 15?
-bb0
Convert -2022111 (base 3) to base 13.
-9ca
Convert -12021022 (base 3) to base 9.
-5238
1c9 (base 13) to base 12
23a
What is -15335 (base 8) in base 16?
-1add
-122021 (base 3) to base 10
-466
What is -173 (base 15) in base 16?
-14d
Convert 31125 (base 7) to base 15.
23c9
Convert -111001000101100 (base 2) to base 3.
-1111002112
-13870 (base 10) to base 2
-11011000101110
Convert 117 (base 15) to base 10.
247
Convert -7b7 (base 14) to base 10.
-1533
201021 (base 3) to base 12
374
34063 (base 7) to base 11
6527
-240514 (